13
Evaluate 18 + -34 + -6 + 25.
3
What is -12 - (13 + (-15 - 2) + 9)?
-17
-55 + -17 + 37 + 21
-14
Calculate -31 - (-6 - (-23 + 23)).
-25
Calculate (-1 + 1 - (4 + -6)) + (1 - 9).
-6
Calculate (5 + 1 - 4) + 1 + -12.
-9
What is 9 - 2 - ((34 - (16 - 10)) + 0)?
-21
Calculate -1 + 4 + 1 + (-7 - 0 - -2).
-1
What is 4 - (4 + (-2 - (0 - -3)))?
5
What is the value of 12 + 0 + 13 + -10 + 3?
18
What is the value of (-5 - (2 + 0 - 5)) + 12?
10
Calculate -1 + -5 + -11 + 6 - -11.
0
What is -15 + 13 + 2 + 12 + -22 + 28?
18
Calculate (79 + -64 - (0 + 3)) + 6.
18
-9 + (37 - 21) + -6 + 2
3
What is -60 - -38 - (-1 + -6 + 9)?
-24
-5 - ((3 - 1) + 15 - -9) - 1
-32
What is the value of -2 + (3 - 0 - 2) + (716 - 733)?
-18
(1 - -24) + -10 + 21 + -9
27
Calculate 0 + (23 - 22 - 21).
-20
What is the value of -671 + 687 + (1 - -1)?
18
What is (14 - -2) + -26 + 30?
20
(18 + -19 - -3) + -7
-5
Calculate 13 - (-9 + 1 + 8 + -6 + 4).
15
What is -3 + ((1 - (7 - 1)) + 3 - 6)?
-11
What is the value of 6 + (-35 - (-8 + -9))?
-12
(7 - 4) + (-16 + 12 - (2 + 0))
-3
What is -29 + 46 + -1 + (-4 - -2)?
14
Evaluate 15 + (13 - 22) - (3 + 2).
1
Evaluate 37 - 45 - (-7 - (5 - 3)).
1
What is the value of 166 + -186 - (-5 - -2)?
-17
(22 - 3) + -24 + 1 + 2
-2
What is (1 - 11) + (-15 - (-13 - 11)) - -7?
6
Calculate (-20 - 17 - -70) + -42.
-9
7 + -12 + 3 + (0 - -17)
15
Evaluate 1 + (-3 - -23) - 9.
12
-5 - (-3 + -1 - ((-22 - -9) + 7))
-7
Calculate -25 - (-31 + -38 - -11).
33
Evaluate -17 + 27 + -20 - -3 - (0 + 25).
-32
What is (5 - 21) + 23 + 1?
8
What is the value of (-18 + 15 - -5) + 5?
7
What is the value of (-92 - -75) + (-6 - -50 - 4)?
23
(24 + -13 + 14 - 32) + (-11 - -2)
-16
Calculate (9 - -3) + -4 - 19 - 10.
-21
What is 43 - 62 - (-6 + 19)?
-32
Evaluate -11 + (-11 - -14) + 3 - 7.
-12
What is 7 + -5 + -1 + -1 + 13?
13
What is (2 - (-21 + 11)) + -28 + (-5 - -4)?
-17
Calculate -1 + 8 - (6 - (7 + -3 - -5)).
10
Calculate 22 + (-12 - -12) + (-6 - 0 - 1).
15
What is -1 - (-20 - -8) - 9?
2
-706 + 721 - (0 + 0 - (2 - -5))
22
11 + 19 + -12 + -9 - 8
1
Evaluate 22 + (0 - (2 - (-8 - -3))).
15
4 + (4 - 3) + -2 + -8
-5
-7 + (2 - (9 + 2)) + 7
-9
What is -4 - (3 + 0) - (2 - 0)?
-9
Evaluate 5 + (-26 + 12 - (-3 - (-1 + 2))).
-5
What is (-2 - -7) + (11 - 9 - (0 + -9))?
16
Calculate 5 - (9 - (16 - (-6 - -9))).
9
What is the value of (3 - 13) + 5 + (2 - (-1 + -4))?
2
Evaluate 12 + -5 + 5 + 8 + -7.
13
Calculate 3 + (-2 + 6 - 3 - 8) - -5.
1
What is (3 - (5 + 4) - (-14 - -6)) + -3?
-1
What is the value of -1 - (12 + -25 + -13)?
25
Calculate -14 + 2 + 601 + -568.
21
What is -1 - (4 + (5 - 3) + 0 - 3)?
-4
-6 + -4 + (-3 - -10)
-3
Evaluate (177 - 176) + (2 - -11).
14
What is the value of 4 + -7 + -4 - -5 - -8?
6
What is -11 + (0 - 4 - -16) + -4?
-3
What is -12 - -1 - (6 + (-7 - 42))?
32
-425 + 434 + (-2 - (-17 + -1))
25
Evaluate -46 + (7 - (16 - 34)).
-21
Evaluate -2411 - -2380 - (2 - 1).
-32
Calculate -13 - -1 - (1 - -1) - (349 + -356).
-7
What is -12 - (6 - (7 - (-7 - -5))) - -39?
30
What is the value of 248 + -266 - (6 + (-1 - 1))?
-22
What is the value of (-1 - 11) + (3 - (-3 + (16 - 3)))?
-19
Calculate (32 - (15 + 17 + -14)) + -7.
7
Evaluate -1 - (18 + 1 - 53).
33
Calculate -37 + 50 + 1 + 1 + -1 + 0.
14
What is the value of 9 + -105 + 28 - -29?
-39
What is the value of -26 - (-12 - (-10 - 4))?
-28
What is 8 - 7 - 8 - (0 - -8)?
-15
(-10 - (-6 + 8)) + -9 + 6 + -5
-20
-27 - -30 - 26 - -10
-13
What is the value of 5 - 8 - (1 + -5)?
1
What is 2 + 7 + (-1 - 0 - -1)?
9
What is (-9 - (7 - 10)) + 2 - 4?
-8
What is -4 + -3 + (-10 - -9)?
-8
Calculate (4 - 17) + (3 - 5).
-15
What is -13 + 12 + 13 + (-7 - -2)?
7
Evaluate -17 - (10 + (4 - 30)).
-1
-25 + (-20 - -83) + -23
15
(8 - 10) + (32 - (-9 + 4))
35
What is the value of (-10 - (-2 + 2 - 6)) + 7 + 1?
4
What is (0 - 3) + (6 - 17) + 13?
-1
Calculate 12 + -14 + 0 - 5.
-7
What is 2 + 1 + -9 + 11 + (15 - 28)?
-8
(-20 - -11) + 8 + 0
-1
-3 + 14 - (-22 - -40)
-7
Calculate (-24 - (0 - -6 - (-96 - -96))) + 5.
-25
Evaluate -4 + 0 + (2 - (-10 + 9)).
-1
Calculate 5 + 7 + -28 + 11 - (2 - -1).
-8
(32 - 1) + (15 - (45 + -15)) + 15
31
What is -4 + (16 - ((-5 + -4 - -6) + 3))?
12
Evaluate -31 + 36 - 42 - (-12 - 1).
-24
Evaluate (-4 - 8) + (-11 - ((-2 - 0) + -4)).
-17
What is the value of (-1 - 1) + (-82 - -85)?
1
Calculate -13 + 4 + -7 + 5 - (11 - 9).
-13
What is 7 + 5 + 1 + -3 + -1 - -3?
12
What is (-23 - (-31 - 4)) + -24 + 0?
-12
What is 18 - 23 - (-1 + -1 + 0)?
-3
What is the value of -4 + 24 + (3 - (8 - -2)) + -4?
9
What is 13 + 1 + (-12 - -2) - 7?
-3
Calculate 3 - (-16 + 20 + 8).
-9
What is (-5 - -2) + (5 - 4 - -7) - -1?
6
(-77 - -62) + (2 - -5)
-8
(16 - -13) + -14 + 1
16
24 - (-21 + 27 - -4)
14
What is the value of (-9 - (-3 - -3)) + 0?
-9
What is (-7 - (7 + -14) - -6) + (-20 - -1)?
-13
Calculate -1 + 10 + -26 - -4.
-13
Evaluate (34 - 11 - 20) + (3 - (-3 + 1)).
8
What is 4 + -1 + -2 - (6 - -10 - -1)?
-16
Calculate 30 + (-18 - 0) + 6.
18
What is the value of -8 - 1 - (14 - (25 - 11))?
-9
Evaluate 8 + 0 - (304 - 308) - 5.
7
Evaluate 5988 + -5991 + (2 + -9 - 2 - -1).
-11
What is the value of (46 - 45 - (-8 - 1)) + -17?
-7
Calculate -1 + 14 - ((129 - 109) + (0 - 14)).
7
What is the value of (-30 - -4 - (9 - (9 + -7))) + 8?
-25
What is the value of 0 + -15 - (3300 - 3311)?
-4
-2 + (10 - (12 + -6 + 11))
-9
What is 3 + 2 + 10 + (11 - 32 - -15)?
9
What is the value of -2 + 13 - (-1 + (-3 - (-5 + 0)))?
10
What is (-33 - (17 - 40)) + (10 - -2)?
2
Evaluate 15 - -13 - (-6 + (-5 - -10)).
29
What is -4 - ((2 - 3) + -7 + -155 + 180)?
-21
Calculate 28 + -13 + 10 + 1 + -9.
17
Evaluate (13 - 35) + (3 - -8).
-11
Evaluate (-5 - -4) + (6 + -1 - 16) + 7.
-5
What is the value of (5 - 11 - -8) + 2 - 5?
-1
What is -1 + 59 + -1245 + 1205?
18
Calculate (-407 - -378) + (0 - -15).
-14
-27 + -19 + 5 + 54
13
What is (-198 - -192) + -6 + 2?
-10
What is 402 - 405 - (3 - (-2 + (0 - -3)))?
-5
Calculate -783 + 758 + (11 - 2).
-16
Evaluate (-3 - (0 + -2)) + 2.
1
What is -4 + (3 + -1 - -13) - -2?
13
4 - ((12 + -7 - (-2 - 3)) + -2)
-4
Evaluate 30 + -34 - (-5 - -8).
-7
-2 - ((0 - (1 + 2)) + 6 + -2)
-3
Calculate 69 + -73 + 5 + 2.
3
Evaluate 3 + 0 + 2 + -18 + (11 - -3).
1
0 - (-5 + -7 + 10) - 9
-7
What is the value of (-136 - -145) + (-2 - 0)?
7
What is the value of -7 + -4 + 19 - 14?
-6
Calculate 15 - (-1 - -2 - (-62 - -57)) - 3.
6
Evaluate -178 + 185 + (-20 - 2) + (-1 - 1).
-17
Calculate -4 - 0 - ((3 - -26) + -45).
12
What is the value of -1 - 11 - (43 + -46)?
-9
-14 + -2 + (-48 - -70)
6
Evaluate -25 - (0 + 1) - (0 - 14 - -6).
-18
536 + -532 + (0 - 1) + -24
-21
Calculate 8 - (-10 + -4 - (0 + -14)).
8
-3 + 0 - (7 - 11 - 7 - -6)
2
Evaluate 7 + (-4 - (-14 - -8) - 7).
2
-5 - ((-5 - (-5 - -8)) + 2 - -7)
-6
-10 - -15 - -6 - (24 + 2)
-15
What is the value of 11 + -29 - (2 + 3 + -7)?
-16
Evaluate 1 + 1 - (482 - 462).
-18
11 + -20 + -9 + 7
-11
Evaluate 0 + 2 + (-2 - 0) - (3945 + -3957).
12
19 + (24 - 49) + 2
-4
What is the value of -21 + (-76 - -81 - (0 - 9))?
-7
Evaluate 10 + (-7 - (47 - 40 - (0 + 8))).
4
3 - ((-4 - 0) + 4 - 10)
13
What is 5 + 5 + (-16 - -7) - (15 + -14)?
0
What is 8 - (-4 + 5 + -6 + 10)?
3
What is the value of -9 - 1 - (460 - 476) - 0?
6
Calculate -2 - (-12 - (-16 + -7)).
-13
Evaluate (-3 - -2 - (-11 - (37 + -24))) + -9.
14
-5 + (-5 - (7 - 22))
5
What is -5 + (-33 - -44) + (-1 - -5)?
10
What is -16 + 12 + (-7 - -15) + (0 - -2)?
6
Calculate 7 - (-12 + (38 - 15)).
-4
What is the value of -34 - (6 + 11 + -37)?
-14
What is the value of (-37 - -26 - 11) + 35?
13
What is (-6 - (0 + -3 + 4)) + -4?
-11
-11 + 0 + (395 - 382)
2
What is the value of 13 - (6 - (7 - 9))?
5
Evaluate 7 + 9 + -41 + 5.
-20
Evaluate 8 - ((-1 + 2 - -6) + 16).
-15
Evaluate (10 + 8 + -42 - -12) + 22.
10
What is the value of -1 + (11 - (-7 + -7)) + -16?
8
What is the value of (7 - 2) + 19 + -11 + -4?
9
What is -6 + (-21 + 4 - -23)?
0
Calculate -15 + 7 - (-1 + -5 - (3 + -29)).
-28
What is 28 - (4 + (-29 - -36))?
17
Calculate 7 + (-10 - -16) - 15.
-2
Evaluate -14 + 19 + (7 - 35) - -9.
-14
What is 8 - (5 - 11 - (-2 - 2))?
10
What is the value of -16 + 6 + (11 - 4 - 6)?
-9
-7 + 1 - ((-9 - -17) + 7 + -44)
23
What is the value of -4 - 22 - -2 - 3 - -11?
-16
Evaluate 6 + 4 + -6 - (-2 - 7).
13
-7 + -8 + (9 - 12)
-18
-8 + 9 + -1 + 7 + 8
15
Calculate (1 - (-2 +